 base 4, what is -312113222 + -3?
-312113231
In base 12, what is -8 - -1337?
132b
In base 9, what is -3422 + 14?
-3407
In base 3, what is -212010 + 2220112?
2001102
In base 11, what is -19672a + 7?
-196723
In base 13, what is 15 + -49a0?
-4988
In base 11, what is 1240678 - 2?
1240676
In base 16, what is -4 - 11219?
-1121d
In base 4, what is 133 - -30301?
31100
In base 10, what is 0 + 3464?
3464
In base 4, what is 3 - 32331001?
-32330332
In base 10, what is -317 - -831?
514
In base 13, what is -627a - 6?
-6283
In base 15, what is 4 + -57c5?
-57c1
In base 2, what is 10 + 1011111000010100?
1011111000010110
In base 4, what is -22103212121 + 0?
-22103212121
In base 16, what is -5 + -cd92?
-cd97
In base 11, what is -1252 - -10?
-1242
In base 7, what is 2064 - 20?
2044
In base 16, what is -817 + e?
-809
In base 13, what is -456c + 141?
-442b
In base 11, what is 628763 - -1?
628764
In base 13, what is 103bc - 2?
103ba
In base 13, what is 20647 + -12?
20635
In base 5, what is 221233401 - -3?
221233404
In base 11, what is -55345 - -2?
-55343
In base 9, what is 668 + 730?
1508
In base 6, what is 14 - 12224?
-12210
In base 15, what is -c4de + 35?
-c4a9
In base 2, what is -100010110110111 - 110?
-100010110111101
In base 7, what is 1 + -2330445?
-2330444
In base 9, what is 1 + 3385137?
3385138
In base 2, what is 100011110010000 - -1100?
100011110011100
In base 13, what is 457 - -a23?
117a
In base 12, what is 166 - 1910?
-1766
In base 3, what is -20211011 - 1122121?
-22110202
In base 4, what is -3320302133 + -3?
-3320302202
In base 3, what is -100000 - -10021?
-12202
In base 15, what is 3e + -3448?
-3409
In base 9, what is 87 - 4066?
-3868
In base 10, what is -337 + 1064?
727
In base 3, what is 1211100121220 - -10?
1211100122000
In base 6, what is -23215 - -11220?
-11555
In base 16, what is -af + ee0?
e31
In base 6, what is 2204 - -1235?
3443
In base 15, what is 56 - 8d5?
-87e
In base 10, what is -7 + 374153?
374146
In base 8, what is 431 - -42?
473
In base 5, what is 11114 + 312?
11431
In base 6, what is -30250 + 11?
-30235
In base 8, what is 1447041 + 4?
1447045
In base 6, what is -11041 + -22?
-11103
In base 15, what is 407 + 72b?
b33
In base 3, what is -100210012 + -100122?
-101010211
In base 5, what is -230 + 13234?
13004
In base 6, what is 2240 - 2155?
41
In base 4, what is -1111321 - -1330?
-1103331
In base 10, what is 16 - 15832?
-15816
In base 10, what is -469 + 228?
-241
In base 7, what is 2001123 - 2?
2001121
In base 4, what is 220302333 - -1?
220303000
In base 15, what is -d - 6a9?
-6b7
In base 8, what is 35327 + 2?
35331
In base 13, what is 31048c - -4?
310493
In base 13, what is -55 - -4b74?
4b1c
In base 14, what is -d + 19430?
19421
In base 5, what is 143143 - -12?
143210
In base 2, what is 0 - -101101000100010101?
101101000100010101
In base 7, what is -4 - 421215?
-421222
In base 7, what is -4 + -2303653?
-2303660
In base 8, what is -15 + -32121?
-32136
In base 10, what is -29 - 761?
-790
In base 3, what is 0 + 210020101?
210020101
In base 13, what is -12 - -6b27?
6b15
In base 10, what is 1 + -7475?
-7474
In base 13, what is 1b - c7b5?
-c797
In base 8, what is 1 + -30740?
-30737
In base 6, what is 4 - -24353443?
24353451
In base 7, what is 346261 + -5?
346253
In base 14, what is -6 - 352?
-358
In base 14, what is -8 - 2c03?
-2c0b
In base 6, what is 5241 - -25514?
35155
In base 11, what is -179633 + 7?
-179627
In base 11, what is a2a3a1 + 4?
a2a3a5
In base 9, what is -702 + -16?
-718
In base 7, what is -353 - 601?
-1254
In base 11, what is -11 - 1818?
-1829
In base 10, what is -3963 + -13?
-3976
In base 15, what is 17 + -a5ed?
-a5d6
In base 11, what is -148 + 2125?
1a88
In base 11, what is 3 - -3454?
3457
In base 5, what is 302444 + -10?
302434
In base 13, what is -12c0 - -18?
-12a5
In base 3, what is -200002021 + 100?
-200001221
In base 13, what is 2 - -33221?
33223
In base 16, what is 7656 - 2c?
762a
In base 6, what is 11 - 10441413?
-10441402
In base 5, what is 131001 - 131?
130320
In base 9, what is -35 - -5683?
5647
In base 2, what is 111 + -10001001101001010?
-10001001101000011
In base 11, what is -8a97 - 2?
-8a99
In base 6, what is 20 - 11241?
-11221
In base 12, what is -1413 - -1?
-1412
In base 11, what is 5 + 49a6?
4a00
In base 6, what is 543 + 354?
1341
In base 2, what is 101000 - 1111010000101?
-1111001011101
In base 13, what is 2c68 + 45?
2cb0
In base 15, what is -54991 - -1?
-54990
In base 9, what is -1 - -4462?
4461
In base 9, what is 603 - -3136?
3740
In base 10, what is -22100 + 1?
-22099
In base 6, what is 33 - -43445?
43522
In base 10, what is -477569 - -5?
-477564
In base 2, what is 1101000110011 - -1000100?
1101001110111
In base 14, what is 22 - c24?
-c02
In base 4, what is -1001123 - 100031?
-1101220
In base 5, what is 2 + 44020423?
44020430
In base 11, what is -2 + 80005?
80003
In base 12, what is 145 + -5664?
-551b
In base 10, what is -15075 + -3?
-15078
In base 14, what is 4 + -c77a?
-c776
In base 9, what is -11761505 + -2?
-11761507
In base 14, what is cc + 19a?
288
In base 2, what is -111100101101 - 111?
-111100110100
In base 10, what is -1 + -25828?
-25829
In base 7, what is 1521026 + 6?
1521035
In base 6, what is 1 + -200545?
-200544
In base 4, what is 2100212 + 1010?
2101222
In base 7, what is 3 + -150214?
-150211
In base 9, what is 2163321 + 0?
2163321
In base 13, what is -2151 - -6?
-2148
In base 12, what is -14 - 1bb0?
-2004
In base 15, what is 136 + 47a?
5b1
In base 7, what is 12156 - -15?
12204
In base 7, what is -2156240 - -2?
-2156235
In base 5, what is -2302 - -21?
-2231
In base 14, what is -4a06 - 7?
-4a0d
In base 9, what is 546 + -15?
531
In base 11, what is 9285 - 2?
9283
In base 16, what is -336def - 4?
-336df3
In base 13, what is 139 + -49a4?
-4868
In base 4, what is 10 + -11021211?
-11021201
In base 3, what is 20010100 + -1112?
20001211
In base 5, what is 0 - 10204?
-10204
In base 4, what is -11123323320 + 2?
-11123323312
In base 6, what is -1051132041 - -2?
-1051132035
In base 3, what is -11 + 122212102211?
122212102200
In base 7, what is 54005 - -1?
54006
In base 6, what is 34 - 1252?
-1214
In base 11, what is -73061 - 12?
-73073
In base 14, what is -92 + -2b2?
-364
In base 15, what is -43 + 1767?
1724
In base 4, what is -102133230 - 22?
-102133312
In base 11, what is -4 + 22813?
2280a
In base 9, what is -1811 - 106?
-2017
In base 2, what is -101001 + 10110?
-10011
In base 16, what is 205dd - 2?
205db
In base 5, what is -3 + -2223200?
-2223203
In base 5, what is 2112 + 12010?
14122
In base 7, what is -30 + -405243?
-405303
In base 11, what is 67581 - 5?
67577
In base 6, what is -13144 + -24323?
-41511
In base 8, what is -542 + 1750?
1206
In base 6, what is 1234 - 520?
314
In base 14, what is 81cc + 12?
8200
In base 15, what is 4 - 3c6eb?
-3c6e7
In base 13, what is b + 5c02b?
5c039
In base 14, what is 4 - -8036?
803a
In base 12, what is -4a97 - -22?
-4a75
In base 7, what is -5024 + 253?
-4441
In base 5, what is -30 - 23341?
-23421
In base 4, what is 2110 - -23100?
31210
In base 9, what is -5186550 + -5?
-5186555
In base 13, what is 123106 + 4?
12310a
In base 16, what is -1 + 44ecb?
44eca
In base 7, what is 63 - -11056?
11152
In base 13, what is -b2 - bb44?
-bc26
In base 11, what is -4 + 41508?
41504
In base 14, what is 16850 + -5?
16849
In base 2, what is -10001101011010001 - 101?
-10001101011010110
In base 5, what is 104312 - 10210?
44102
In base 9, what is -428 - -30?
-388
In base 13, what is -573 - 7a1?
-1044
In base 7, what is 4 + -4601156?
-4601152
In base 5, what is 13 + -1213100?
-1213032
In base 9, what is -4 - -16607?
16603
In base 16, what is 21 - 3cc?
-3ab
In base 10, what is -2156 + -4?
-2160
In base 3, what is -10 - 111210211121?
-111210211201
In base 16, what is -26a69 + -7?
-26a70
In base 11, what is 5 + 4959?
4963
In base 16, what is -11a2 - -18?
-118a
In base 4, what is 113232 - 132?
113100
In base 13, what is 23 - -567?
58a
In base 11, what is 4a - 8481?
-8432
In base 11, what is -3a480a - -2?
-3a4808
In base 7, what is -161 - 1025?
-1216
In base 12, what is 3 + 219b?
21a2
In base 16, what is 1 + d679d?
d679e
In base 12, what is 3 + -6187?
-6184
In base 2, what is 1001 + 101001010101101?
101001010110110
In base 15, what is 109e + 3?
10a2
In base 6, what is 0 + -1143513?
-114351